{"id":135,"date":"2025-01-14T16:33:03","date_gmt":"2025-01-14T15:33:03","guid":{"rendered":"https:\/\/deml-gmbh.com\/DemlUmzug\/?page_id=135"},"modified":"2025-01-20T16:31:27","modified_gmt":"2025-01-20T15:31:27","slug":"wir-ueber-uns","status":"publish","type":"page","link":"https:\/\/deml-gmbh.com\/DemlUmzug\/wir-ueber-uns\/","title":{"rendered":"Wir \u00fcber uns"},"content":{"rendered":"\t\t<div data-elementor-type=\"wp-page\" data-elementor-id=\"135\" class=\"elementor elementor-135\" data-elementor-post-type=\"page\">\n\t\t\t\t<div class=\"elementor-element elementor-element-3da50cc e-flex e-con-boxed e-con e-parent\" data-id=\"3da50cc\" data-element_type=\"container\">\n\t\t\t\t\t<div class=\"e-con-inner\">\n\t\t\t\t<div class=\"elementor-element elementor-element-63c489e elementor-widget-divider--view-line elementor-widget elementor-widget-divider\" data-id=\"63c489e\" data-element_type=\"widget\" data-widget_type=\"divider.default\">\n\t\t\t\t<div class=\"elementor-widget-container\">\n\t\t\t\t\t\t\t<div class=\"elementor-divider\">\n\t\t\t<span class=\"elementor-divider-separator\">\n\t\t\t\t\t\t<\/span>\n\t\t<\/div>\n\t\t\t\t\t\t<\/div>\n\t\t\t\t<\/div>\n\t\t\t\t\t<\/div>\n\t\t\t\t<\/div>\n\t\t<div class=\"elementor-element elementor-element-7591f9a e-flex e-con-boxed e-con e-parent\" data-id=\"7591f9a\" data-element_type=\"container\">\n\t\t\t\t\t<div class=\"e-con-inner\">\n\t\t\t\t<div class=\"elementor-element elementor-element-9bcde6d elementor-widget elementor-widget-image\" data-id=\"9bcde6d\" data-element_type=\"widget\" data-widget_type=\"image.default\">\n\t\t\t\t<div class=\"elementor-widget-container\">\n\t\t\t\t\t\t\t\t\t\t\t\t\t\t\t<img decoding=\"async\" width=\"592\" height=\"41\" src=\"https:\/\/deml-gmbh.com\/DemlUmzug\/wp-content\/uploads\/2025\/01\/Deml-Stift.jpg\" class=\"attachment-large size-large wp-image-158\" alt=\"\" srcset=\"https:\/\/deml-gmbh.com\/DemlUmzug\/wp-content\/uploads\/2025\/01\/Deml-Stift.jpg 592w, https:\/\/deml-gmbh.com\/DemlUmzug\/wp-content\/uploads\/2025\/01\/Deml-Stift-300x21.jpg 300w\" sizes=\"(max-width: 592px) 100vw, 592px\" \/>\t\t\t\t\t\t\t\t\t\t\t\t\t\t\t<\/div>\n\t\t\t\t<\/div>\n\t\t\t\t\t<\/div>\n\t\t\t\t<\/div>\n\t\t<div class=\"elementor-element elementor-element-94869db e-flex e-con-boxed e-con e-parent\" data-id=\"94869db\" data-element_type=\"container\">\n\t\t\t\t\t<div class=\"e-con-inner\">\n\t\t\t\t<div class=\"elementor-element elementor-element-a1bb4e2 elementor-widget elementor-widget-text-editor\" data-id=\"a1bb4e2\" data-element_type=\"widget\" data-widget_type=\"text-editor.default\">\n\t\t\t\t<div class=\"elementor-widget-container\">\n\t\t\t\t\t\t\t\t\t<p>Man schreibt das Jahr 1925. Franz Deml sen. B\u00fcrger des kleinen Orts Laberweinting in Niederbayern w\u00fcnscht sich f\u00fcr die Dorfjugend eine Zukunft &#8222;die jungen Leute brauchen Arbeit&#8220; sagt er und verwirklicht diesen Wunsch mit der Gr\u00fcndung der Federhalterfabrik Franz Deml.<\/p><p>Seit der Gr\u00fcndung ist die Firma Deml ein mittelst\u00e4ndisches Familienunternehmen, spezialisiert auf die Fertigung von Pinselstielen und Federhalter aus Holz. Das Unternehmen, das nach dem Tod des Gr\u00fcnders 1958 auf dessen Sohn Franz Deml \u00fcberging, leiten seit 1979 die beiden T\u00f6chter Klothilde Klingl, geb. Deml und Margarita Biederer, geb. Deml.<\/p><p>In Vierter Generation geh\u00f6rt bereits seit dem Jahr 2000 Johannes Biederer als gelernter Maschienenbauer zum Deml-Team.<\/p><p>Nicht nur der Tradition f\u00fchlt sich das Deml &#8211; Team verbunden, auch die \u00d6kologie ist ein gro\u00dfes Thema. Es wird ausschlie\u00dflich der nachwachsende Rohstoff\u00a0 HOLZ, im speziellen Birke und Buche, verarbeitet.<\/p><p>Mit der FSC <sup>\u00ae<\/sup> Zertifizierung (Lizenzcode: FSC-C010144) im Fr\u00fchjahr 2009 hat man dies nochmals bekr\u00e4ftigt.<\/p><p>FSC: <a href=\"https:\/\/deml-gmbh.com\/DemlUmzug\/grundsatzerklaerung\/\">Grundsatzerkl\u00e4rung<\/a><\/p><p>Weltweit beliefert die Firma DEML ihre Kunden seit 1925 mit Federhalter und Pinselstielen. Unsere langj\u00e4hrige Erfahrung sichert unseren Kunden h\u00f6chste Qualit\u00e4t zu g\u00fcnstigen Preisen. Kurze Lieferzeiten, Flexibilit\u00e4t und Kundenn\u00e4he sind unsere St\u00e4rken. Auch f\u00fcr Sonderw\u00fcnsche sind wir gern Ihr Partner.<\/p>\t\t\t\t\t\t\t\t<\/div>\n\t\t\t\t<\/div>\n\t\t\t\t\t<\/div>\n\t\t\t\t<\/div>\n\t\t<div class=\"elementor-element elementor-element-df47397 e-flex e-con-boxed e-con e-parent\" data-id=\"df47397\" data-element_type=\"container\">\n\t\t\t\t\t<div class=\"e-con-inner\">\n\t\t\t\t<div class=\"elementor-element elementor-element-c0851d6 elementor-widget-divider--view-line elementor-widget elementor-widget-divider\" data-id=\"c0851d6\" data-element_type=\"widget\" data-widget_type=\"divider.default\">\n\t\t\t\t<div class=\"elementor-widget-container\">\n\t\t\t\t\t\t\t<div class=\"elementor-divider\">\n\t\t\t<span class=\"elementor-divider-separator\">\n\t\t\t\t\t\t<\/span>\n\t\t<\/div>\n\t\t\t\t\t\t<\/div>\n\t\t\t\t<\/div>\n\t\t\t\t\t<\/div>\n\t\t\t\t<\/div>\n\t\t\t\t<\/div>\n\t\t","protected":false},"excerpt":{"rendered":"<p>Man schreibt das Jahr 1925. Franz Deml sen. B\u00fcrger des kleinen Orts Laberweinting in Niederbayern w\u00fcnscht sich f\u00fcr die Dorfjugend eine Zukunft &#8222;die jungen Leute brauchen Arbeit&#8220; sagt er und verwirklicht diesen Wunsch mit der Gr\u00fcndung der Federhalterfabrik Franz Deml. Seit der Gr\u00fcndung ist die Firma Deml ein mittelst\u00e4ndisches Familienunternehmen, spezialisiert auf die Fertigung von [&hellip;]<\/p>\n","protected":false},"author":1,"featured_media":0,"parent":0,"menu_order":0,"comment_status":"closed","ping_status":"closed","template":"","meta":{"footnotes":""},"class_list":["post-135","page","type-page","status-publish","hentry"],"_links":{"self":[{"href":"https:\/\/deml-gmbh.com\/DemlUmzug\/wp-json\/wp\/v2\/pages\/135","targetHints":{"allow":["GET"]}}],"collection":[{"href":"https:\/\/deml-gmbh.com\/DemlUmzug\/wp-json\/wp\/v2\/pages"}],"about":[{"href":"https:\/\/deml-gmbh.com\/DemlUmzug\/wp-json\/wp\/v2\/types\/page"}],"author":[{"embeddable":true,"href":"https:\/\/deml-gmbh.com\/DemlUmzug\/wp-json\/wp\/v2\/users\/1"}],"replies":[{"embeddable":true,"href":"https:\/\/deml-gmbh.com\/DemlUmzug\/wp-json\/wp\/v2\/comments?post=135"}],"version-history":[{"count":17,"href":"https:\/\/deml-gmbh.com\/DemlUmzug\/wp-json\/wp\/v2\/pages\/135\/revisions"}],"predecessor-version":[{"id":330,"href":"https:\/\/deml-gmbh.com\/DemlUmzug\/wp-json\/wp\/v2\/pages\/135\/revisions\/330"}],"wp:attachment":[{"href":"https:\/\/deml-gmbh.com\/DemlUmzug\/wp-json\/wp\/v2\/media?parent=135"}],"curies":[{"name":"wp","href":"https:\/\/api.w.org\/{rel}","templated":true}]}}

Wir über uns

<div data-elementor-type="wp-page" data-elementor-id="135" class="elementor elementor-135" data-elementor-post-type="page">
				<div class="elementor-element elementor-element-3da50cc e-flex e-con-boxed e-con e-parent" data-id="3da50cc" data-element_type="container">
					<div class="e-con-inner">
				<div class="elementor-element elementor-element-63c489e elementor-widget-divider--view-line elementor-widget elementor-widget-divider" data-id="63c489e" data-element_type="widget" data-widget_type="divider.default">
				<div class="elementor-widget-container">
							<div class="elementor-divider">
			<span class="elementor-divider-separator">
						</span>
		</div>
						</div>
				</div>
					</div>
				</div>
		<div class="elementor-element elementor-element-7591f9a e-flex e-con-boxed e-con e-parent" data-id="7591f9a" data-element_type="container">
					<div class="e-con-inner">
				<div class="elementor-element elementor-element-9bcde6d elementor-widget elementor-widget-image" data-id="9bcde6d" data-element_type="widget" data-widget_type="image.default">
				<div class="elementor-widget-container">
															<img decoding="async" width="592" height="41" src="https://deml-gmbh.com/DemlUmzug/wp-content/uploads/2025/01/Deml-Stift.jpg" class="attachment-large size-large wp-image-158" alt="" srcset="https://deml-gmbh.com/DemlUmzug/wp-content/uploads/2025/01/Deml-Stift.jpg 592w, https://deml-gmbh.com/DemlUmzug/wp-content/uploads/2025/01/Deml-Stift-300x21.jpg 300w" sizes="(max-width: 592px) 100vw, 592px" />															</div>
				</div>
					</div>
				</div>
		<div class="elementor-element elementor-element-94869db e-flex e-con-boxed e-con e-parent" data-id="94869db" data-element_type="container">
					<div class="e-con-inner">
				<div class="elementor-element elementor-element-a1bb4e2 elementor-widget elementor-widget-text-editor" data-id="a1bb4e2" data-element_type="widget" data-widget_type="text-editor.default">
				<div class="elementor-widget-container">
									<p>Man schreibt das Jahr 1925. Franz Deml sen. Bürger des kleinen Orts Laberweinting in Niederbayern wünscht sich für die Dorfjugend eine Zukunft &#8222;die jungen Leute brauchen Arbeit&#8220; sagt er und verwirklicht diesen Wunsch mit der Gründung der Federhalterfabrik Franz Deml.</p><p>Seit der Gründung ist die Firma Deml ein mittelständisches Familienunternehmen, spezialisiert auf die Fertigung von Pinselstielen und Federhalter aus Holz. Das Unternehmen, das nach dem Tod des Gründers 1958 auf dessen Sohn Franz Deml überging, leiten seit 1979 die beiden Töchter Klothilde Klingl, geb. Deml und Margarita Biederer, geb. Deml.</p><p>In Vierter Generation gehört bereits seit dem Jahr 2000 Johannes Biederer als gelernter Maschienenbauer zum Deml-Team.</p><p>Nicht nur der Tradition fühlt sich das Deml &#8211; Team verbunden, auch die Ökologie ist ein großes Thema. Es wird ausschließlich der nachwachsende Rohstoff  HOLZ, im speziellen Birke und Buche, verarbeitet.</p><p>Mit der FSC <sup>®</sup> Zertifizierung (Lizenzcode: FSC-C010144) im Frühjahr 2009 hat man dies nochmals bekräftigt.</p><p>FSC: <a href="https://deml-gmbh.com/DemlUmzug/grundsatzerklaerung/">Grundsatzerklärung</a></p><p>Weltweit beliefert die Firma DEML ihre Kunden seit 1925 mit Federhalter und Pinselstielen. Unsere langjährige Erfahrung sichert unseren Kunden höchste Qualität zu günstigen Preisen. Kurze Lieferzeiten, Flexibilität und Kundennähe sind unsere Stärken. Auch für Sonderwünsche sind wir gern Ihr Partner.</p>								</div>
				</div>
					</div>
				</div>
		<div class="elementor-element elementor-element-df47397 e-flex e-con-boxed e-con e-parent" data-id="df47397" data-element_type="container">
					<div class="e-con-inner">
				<div class="elementor-element elementor-element-c0851d6 elementor-widget-divider--view-line elementor-widget elementor-widget-divider" data-id="c0851d6" data-element_type="widget" data-widget_type="divider.default">
				<div class="elementor-widget-container">
							<div class="elementor-divider">
			<span class="elementor-divider-separator">
						</span>
		</div>
						</div>
				</div>
					</div>
				</div>
				</div>

<p>Man schreibt das Jahr 1925. Franz Deml sen. Bürger des kleinen Orts Laberweinting in Niederbayern wünscht sich für die Dorfjugend eine Zukunft &#8222;die jungen Leute brauchen Arbeit&#8220; sagt er und verwirklicht diesen Wunsch mit der Gründung der Federhalterfabrik Franz Deml. Seit der Gründung ist die Firma Deml ein mittelständisches Familienunternehmen, spezialisiert auf die Fertigung von [&hellip;]</p>
