{"id":89,"date":"2025-01-14T09:22:43","date_gmt":"2025-01-14T08:22:43","guid":{"rendered":"https:\/\/deml-gmbh.com\/DemlUmzug\/?page_id=89"},"modified":"2025-01-14T10:39:27","modified_gmt":"2025-01-14T09:39:27","slug":"pinselstiele-aus-holz","status":"publish","type":"page","link":"https:\/\/deml-gmbh.com\/DemlUmzug\/pinselstiele-aus-holz\/","title":{"rendered":"Pinselstiele aus Holz"},"content":{"rendered":"\t\t<div data-elementor-type=\"wp-page\" data-elementor-id=\"89\" class=\"elementor elementor-89\" data-elementor-post-type=\"page\">\n\t\t\t\t<div class=\"elementor-element elementor-element-28642a2 e-flex e-con-boxed e-con e-parent\" data-id=\"28642a2\" data-element_type=\"container\">\n\t\t\t\t\t<div class=\"e-con-inner\">\n\t\t\t\t<div class=\"elementor-element elementor-element-8fbe40c elementor-widget-divider--view-line elementor-widget elementor-widget-divider\" data-id=\"8fbe40c\" data-element_type=\"widget\" data-widget_type=\"divider.default\">\n\t\t\t\t<div class=\"elementor-widget-container\">\n\t\t\t\t\t\t\t<div class=\"elementor-divider\">\n\t\t\t<span class=\"elementor-divider-separator\">\n\t\t\t\t\t\t<\/span>\n\t\t<\/div>\n\t\t\t\t\t\t<\/div>\n\t\t\t\t<\/div>\n\t\t\t\t\t<\/div>\n\t\t\t\t<\/div>\n\t\t<div class=\"elementor-element elementor-element-a2384e1 e-grid e-con-boxed e-con e-parent\" data-id=\"a2384e1\" data-element_type=\"container\">\n\t\t\t\t\t<div class=\"e-con-inner\">\n\t\t<div class=\"elementor-element elementor-element-97c85f0 e-grid e-con-full e-con e-child\" data-id=\"97c85f0\" data-element_type=\"container\">\n\t\t\t\t<div class=\"elementor-element elementor-element-81dcf0f elementor-widget elementor-widget-image\" data-id=\"81dcf0f\" data-element_type=\"widget\" data-widget_type=\"image.default\">\n\t\t\t\t<div class=\"elementor-widget-container\">\n\t\t\t\t\t\t\t\t\t\t\t\t\t\t\t<img fetchpriority=\"high\" decoding=\"async\" width=\"364\" height=\"269\" src=\"https:\/\/deml-gmbh.com\/DemlUmzug\/wp-content\/uploads\/2025\/01\/Pinselstiele_Haarstiele.jpg\" class=\"attachment-large size-large wp-image-90\" alt=\"\" srcset=\"https:\/\/deml-gmbh.com\/DemlUmzug\/wp-content\/uploads\/2025\/01\/Pinselstiele_Haarstiele.jpg 364w, https:\/\/deml-gmbh.com\/DemlUmzug\/wp-content\/uploads\/2025\/01\/Pinselstiele_Haarstiele-300x222.jpg 300w\" sizes=\"(max-width: 364px) 100vw, 364px\" \/>\t\t\t\t\t\t\t\t\t\t\t\t\t\t\t<\/div>\n\t\t\t\t<\/div>\n\t\t\t\t<div class=\"elementor-element elementor-element-5963a1d elementor-widget elementor-widget-text-editor\" data-id=\"5963a1d\" data-element_type=\"widget\" data-widget_type=\"text-editor.default\">\n\t\t\t\t<div class=\"elementor-widget-container\">\n\t\t\t\t\t\t\t\t\t<p>Der Haarstiel findet \u00fcberwiegend Einsatz bei der Fertigung<br \/>des Schulmal- oder K\u00fcnstlerpinsels.Vom rohen bis zum<br \/>hochwertig lackierten Stiel ist alles m\u00f6glich.Standardl\u00e4ngen<br \/>sind: 125, 140, 150, 153, 160 und 175mm.<\/p>\t\t\t\t\t\t\t\t<\/div>\n\t\t\t\t<\/div>\n\t\t\t\t<\/div>\n\t\t\t\t\t<\/div>\n\t\t\t\t<\/div>\n\t\t<div class=\"elementor-element elementor-element-fec0d42 e-grid e-con-boxed e-con e-parent\" data-id=\"fec0d42\" data-element_type=\"container\">\n\t\t\t\t\t<div class=\"e-con-inner\">\n\t\t<div class=\"elementor-element elementor-element-97fd5dc e-grid e-con-full e-con e-child\" data-id=\"97fd5dc\" data-element_type=\"container\">\n\t\t\t\t<\/div>\n\t\t<div class=\"elementor-element elementor-element-4d06b54 e-grid e-con-full e-con e-child\" data-id=\"4d06b54\" data-element_type=\"container\">\n\t\t\t\t<div class=\"elementor-element elementor-element-3a4ea5b elementor-widget elementor-widget-image\" data-id=\"3a4ea5b\" data-element_type=\"widget\" data-widget_type=\"image.default\">\n\t\t\t\t<div class=\"elementor-widget-container\">\n\t\t\t\t\t\t\t\t\t\t\t\t\t\t\t<img decoding=\"async\" width=\"369\" height=\"269\" src=\"https:\/\/deml-gmbh.com\/DemlUmzug\/wp-content\/uploads\/2025\/01\/Pinselstiele_Borststiele.jpg\" class=\"attachment-large size-large wp-image-91\" alt=\"\" srcset=\"https:\/\/deml-gmbh.com\/DemlUmzug\/wp-content\/uploads\/2025\/01\/Pinselstiele_Borststiele.jpg 369w, https:\/\/deml-gmbh.com\/DemlUmzug\/wp-content\/uploads\/2025\/01\/Pinselstiele_Borststiele-300x219.jpg 300w\" sizes=\"(max-width: 369px) 100vw, 369px\" \/>\t\t\t\t\t\t\t\t\t\t\t\t\t\t\t<\/div>\n\t\t\t\t<\/div>\n\t\t\t\t<div class=\"elementor-element elementor-element-329c6f6 elementor-widget elementor-widget-text-editor\" data-id=\"329c6f6\" data-element_type=\"widget\" data-widget_type=\"text-editor.default\">\n\t\t\t\t<div class=\"elementor-widget-container\">\n\t\t\t\t\t\t\t\t\t<p>Der Borststiel hat eine L\u00e4nge von 264 mm. Der Stiel bleibt unbehandelt oder wird natur bzw. farbig hochwertig lackiert.Besondere Verwendung findet der Borststiel bei der<br \/>Fertigung des K\u00fcnstlerpinsels f\u00fcr den Bereich \u00d6l-, Aquarell-<br \/>und Seidenmalerei.<\/p>\t\t\t\t\t\t\t\t<\/div>\n\t\t\t\t<\/div>\n\t\t\t\t<\/div>\n\t\t\t\t\t<\/div>\n\t\t\t\t<\/div>\n\t\t<div class=\"elementor-element elementor-element-b036798 e-flex e-con-boxed e-con e-parent\" data-id=\"b036798\" data-element_type=\"container\">\n\t\t\t\t\t<div class=\"e-con-inner\">\n\t\t<div class=\"elementor-element elementor-element-3252cd7 e-grid e-con-full e-con e-child\" data-id=\"3252cd7\" data-element_type=\"container\">\n\t\t<div class=\"elementor-element elementor-element-61cca05 e-grid e-con-full e-con e-child\" data-id=\"61cca05\" data-element_type=\"container\">\n\t\t\t\t<div class=\"elementor-element elementor-element-3baa227 elementor-widget elementor-widget-image\" data-id=\"3baa227\" data-element_type=\"widget\" data-widget_type=\"image.default\">\n\t\t\t\t<div class=\"elementor-widget-container\">\n\t\t\t\t\t\t\t\t\t\t\t\t\t\t\t<img decoding=\"async\" width=\"367\" height=\"269\" src=\"https:\/\/deml-gmbh.com\/DemlUmzug\/wp-content\/uploads\/2025\/01\/Pinselstiele_Kosmetikstiele.jpg\" class=\"attachment-large size-large wp-image-115\" alt=\"\" srcset=\"https:\/\/deml-gmbh.com\/DemlUmzug\/wp-content\/uploads\/2025\/01\/Pinselstiele_Kosmetikstiele.jpg 367w, https:\/\/deml-gmbh.com\/DemlUmzug\/wp-content\/uploads\/2025\/01\/Pinselstiele_Kosmetikstiele-300x220.jpg 300w\" sizes=\"(max-width: 367px) 100vw, 367px\" \/>\t\t\t\t\t\t\t\t\t\t\t\t\t\t\t<\/div>\n\t\t\t\t<\/div>\n\t\t\t\t<div class=\"elementor-element elementor-element-5a06c44 elementor-widget elementor-widget-text-editor\" data-id=\"5a06c44\" data-element_type=\"widget\" data-widget_type=\"text-editor.default\">\n\t\t\t\t<div class=\"elementor-widget-container\">\n\t\t\t\t\t\t\t\t\t<p>Kosmetikstiele: Wie der Name schon sagt, werden aus diesem<br \/>Stiel Kosmetikpinsel gefertigt. Hier sind Sonderl\u00e4ngen und<br \/>-formen, gr\u00f6\u00dfen und Sonderlackierung erh\u00e4ltlich.<\/p>\t\t\t\t\t\t\t\t<\/div>\n\t\t\t\t<\/div>\n\t\t\t\t<\/div>\n\t\t\t\t<\/div>\n\t\t<div class=\"elementor-element elementor-element-64acade e-grid e-con-full e-con e-child\" data-id=\"64acade\" data-element_type=\"container\">\n\t\t<div class=\"elementor-element elementor-element-5e54818 e-grid e-con-full e-con e-child\" data-id=\"5e54818\" data-element_type=\"container\">\n\t\t\t\t<div class=\"elementor-element elementor-element-7179c07 elementor-widget elementor-widget-image\" data-id=\"7179c07\" data-element_type=\"widget\" data-widget_type=\"image.default\">\n\t\t\t\t<div class=\"elementor-widget-container\">\n\t\t\t\t\t\t\t\t\t\t\t\t\t\t\t<img loading=\"lazy\" decoding=\"async\" width=\"204\" height=\"153\" src=\"https:\/\/deml-gmbh.com\/DemlUmzug\/wp-content\/uploads\/2025\/01\/Pinselstiele_Patronierzapfen.jpg\" class=\"attachment-large size-large wp-image-116\" alt=\"\" \/>\t\t\t\t\t\t\t\t\t\t\t\t\t\t\t<\/div>\n\t\t\t\t<\/div>\n\t\t\t\t<div class=\"elementor-element elementor-element-dc8ba5a elementor-widget elementor-widget-text-editor\" data-id=\"dc8ba5a\" data-element_type=\"widget\" data-widget_type=\"text-editor.default\">\n\t\t\t\t<div class=\"elementor-widget-container\">\n\t\t\t\t\t\t\t\t\t<p>L\u00e4nge 75mm<br \/>Ausf\u00fchrung in roh oder lackiert<\/p>\t\t\t\t\t\t\t\t<\/div>\n\t\t\t\t<\/div>\n\t\t\t\t<\/div>\n\t\t<div class=\"elementor-element elementor-element-ba62413 e-grid e-con-full e-con e-child\" data-id=\"ba62413\" data-element_type=\"container\">\n\t\t\t\t<div class=\"elementor-element elementor-element-c4f8f2a elementor-widget elementor-widget-image\" data-id=\"c4f8f2a\" data-element_type=\"widget\" data-widget_type=\"image.default\">\n\t\t\t\t<div class=\"elementor-widget-container\">\n\t\t\t\t\t\t\t\t\t\t\t\t\t\t\t<img loading=\"lazy\" decoding=\"async\" width=\"194\" height=\"154\" src=\"https:\/\/deml-gmbh.com\/DemlUmzug\/wp-content\/uploads\/2025\/01\/Pinselstiele_Kuchenpinselstiele.jpg\" class=\"attachment-large size-large wp-image-117\" alt=\"\" \/>\t\t\t\t\t\t\t\t\t\t\t\t\t\t\t<\/div>\n\t\t\t\t<\/div>\n\t\t\t\t<div class=\"elementor-element elementor-element-11d6d65 elementor-widget elementor-widget-text-editor\" data-id=\"11d6d65\" data-element_type=\"widget\" data-widget_type=\"text-editor.default\">\n\t\t\t\t<div class=\"elementor-widget-container\">\n\t\t\t\t\t\t\t\t\t<p>1\/2 Zoll bis 4 Zoll, verschiedene<br \/>St\u00e4rken roh oder lackiert<\/p>\t\t\t\t\t\t\t\t<\/div>\n\t\t\t\t<\/div>\n\t\t\t\t<\/div>\n\t\t<div class=\"elementor-element elementor-element-af04d27 e-grid e-con-full e-con e-child\" data-id=\"af04d27\" data-element_type=\"container\">\n\t\t\t\t<div class=\"elementor-element elementor-element-f3f570f elementor-widget elementor-widget-image\" data-id=\"f3f570f\" data-element_type=\"widget\" data-widget_type=\"image.default\">\n\t\t\t\t<div class=\"elementor-widget-container\">\n\t\t\t\t\t\t\t\t\t\t\t\t\t\t\t<img loading=\"lazy\" decoding=\"async\" width=\"190\" height=\"154\" src=\"https:\/\/deml-gmbh.com\/DemlUmzug\/wp-content\/uploads\/2025\/01\/Pinselstiele_Doppelverwasch.jpg\" class=\"attachment-large size-large wp-image-118\" alt=\"\" \/>\t\t\t\t\t\t\t\t\t\t\t\t\t\t\t<\/div>\n\t\t\t\t<\/div>\n\t\t\t\t<div class=\"elementor-element elementor-element-3e476e8 elementor-widget elementor-widget-text-editor\" data-id=\"3e476e8\" data-element_type=\"widget\" data-widget_type=\"text-editor.default\">\n\t\t\t\t<div class=\"elementor-widget-container\">\n\t\t\t\t\t\t\t\t\t<p>Der Stiel ist 110mm lang und kann<br \/>mit zwei unterschiedlichen<br \/>Zwingengr\u00f6\u00dfen versehen werden<br \/>Jede Lackierung ist m\u00f6glich<\/p>\t\t\t\t\t\t\t\t<\/div>\n\t\t\t\t<\/div>\n\t\t\t\t<\/div>\n\t\t\t\t<\/div>\n\t\t\t\t<div class=\"elementor-element elementor-element-0b2b93c elementor-widget-divider--view-line elementor-widget elementor-widget-divider\" data-id=\"0b2b93c\" data-element_type=\"widget\" data-widget_type=\"divider.default\">\n\t\t\t\t<div class=\"elementor-widget-container\">\n\t\t\t\t\t\t\t<div class=\"elementor-divider\">\n\t\t\t<span class=\"elementor-divider-separator\">\n\t\t\t\t\t\t<\/span>\n\t\t<\/div>\n\t\t\t\t\t\t<\/div>\n\t\t\t\t<\/div>\n\t\t\t\t\t<\/div>\n\t\t\t\t<\/div>\n\t\t\t\t<\/div>\n\t\t","protected":false},"excerpt":{"rendered":"<p>Der Haarstiel findet \u00fcberwiegend Einsatz bei der Fertigungdes Schulmal- oder K\u00fcnstlerpinsels.Vom rohen bis zumhochwertig lackierten Stiel ist alles m\u00f6glich.Standardl\u00e4ngensind: 125, 140, 150, 153, 160 und 175mm. Der Borststiel hat eine L\u00e4nge von 264 mm. Der Stiel bleibt unbehandelt oder wird natur bzw. farbig hochwertig lackiert.Besondere Verwendung findet der Borststiel bei derFertigung des K\u00fcnstlerpinsels f\u00fcr den [&hellip;]<\/p>\n","protected":false},"author":1,"featured_media":0,"parent":0,"menu_order":0,"comment_status":"closed","ping_status":"closed","template":"","meta":{"footnotes":""},"class_list":["post-89","page","type-page","status-publish","hentry"],"_links":{"self":[{"href":"https:\/\/deml-gmbh.com\/DemlUmzug\/wp-json\/wp\/v2\/pages\/89","targetHints":{"allow":["GET"]}}],"collection":[{"href":"https:\/\/deml-gmbh.com\/DemlUmzug\/wp-json\/wp\/v2\/pages"}],"about":[{"href":"https:\/\/deml-gmbh.com\/DemlUmzug\/wp-json\/wp\/v2\/types\/page"}],"author":[{"embeddable":true,"href":"https:\/\/deml-gmbh.com\/DemlUmzug\/wp-json\/wp\/v2\/users\/1"}],"replies":[{"embeddable":true,"href":"https:\/\/deml-gmbh.com\/DemlUmzug\/wp-json\/wp\/v2\/comments?post=89"}],"version-history":[{"count":12,"href":"https:\/\/deml-gmbh.com\/DemlUmzug\/wp-json\/wp\/v2\/pages\/89\/revisions"}],"predecessor-version":[{"id":125,"href":"https:\/\/deml-gmbh.com\/DemlUmzug\/wp-json\/wp\/v2\/pages\/89\/revisions\/125"}],"wp:attachment":[{"href":"https:\/\/deml-gmbh.com\/DemlUmzug\/wp-json\/wp\/v2\/media?parent=89"}],"curies":[{"name":"wp","href":"https:\/\/api.w.org\/{rel}","templated":true}]}}

<div data-elementor-type="wp-page" data-elementor-id="89" class="elementor elementor-89" data-elementor-post-type="page">
				<div class="elementor-element elementor-element-28642a2 e-flex e-con-boxed e-con e-parent" data-id="28642a2" data-element_type="container">
					<div class="e-con-inner">
				<div class="elementor-element elementor-element-8fbe40c elementor-widget-divider--view-line elementor-widget elementor-widget-divider" data-id="8fbe40c" data-element_type="widget" data-widget_type="divider.default">
				<div class="elementor-widget-container">
							<div class="elementor-divider">
			<span class="elementor-divider-separator">
						</span>
		</div>
						</div>
				</div>
					</div>
				</div>
		<div class="elementor-element elementor-element-a2384e1 e-grid e-con-boxed e-con e-parent" data-id="a2384e1" data-element_type="container">
					<div class="e-con-inner">
		<div class="elementor-element elementor-element-97c85f0 e-grid e-con-full e-con e-child" data-id="97c85f0" data-element_type="container">
				<div class="elementor-element elementor-element-81dcf0f elementor-widget elementor-widget-image" data-id="81dcf0f" data-element_type="widget" data-widget_type="image.default">
				<div class="elementor-widget-container">
															<img fetchpriority="high" decoding="async" width="364" height="269" src="https://deml-gmbh.com/DemlUmzug/wp-content/uploads/2025/01/Pinselstiele_Haarstiele.jpg" class="attachment-large size-large wp-image-90" alt="" srcset="https://deml-gmbh.com/DemlUmzug/wp-content/uploads/2025/01/Pinselstiele_Haarstiele.jpg 364w, https://deml-gmbh.com/DemlUmzug/wp-content/uploads/2025/01/Pinselstiele_Haarstiele-300x222.jpg 300w" sizes="(max-width: 364px) 100vw, 364px" />															</div>
				</div>
				<div class="elementor-element elementor-element-5963a1d elementor-widget elementor-widget-text-editor" data-id="5963a1d" data-element_type="widget" data-widget_type="text-editor.default">
				<div class="elementor-widget-container">
									<p>Der Haarstiel findet überwiegend Einsatz bei der Fertigung<br />des Schulmal- oder Künstlerpinsels.Vom rohen bis zum<br />hochwertig lackierten Stiel ist alles möglich.Standardlängen<br />sind: 125, 140, 150, 153, 160 und 175mm.</p>								</div>
				</div>
				</div>
					</div>
				</div>
		<div class="elementor-element elementor-element-fec0d42 e-grid e-con-boxed e-con e-parent" data-id="fec0d42" data-element_type="container">
					<div class="e-con-inner">
		<div class="elementor-element elementor-element-97fd5dc e-grid e-con-full e-con e-child" data-id="97fd5dc" data-element_type="container">
				</div>
		<div class="elementor-element elementor-element-4d06b54 e-grid e-con-full e-con e-child" data-id="4d06b54" data-element_type="container">
				<div class="elementor-element elementor-element-3a4ea5b elementor-widget elementor-widget-image" data-id="3a4ea5b" data-element_type="widget" data-widget_type="image.default">
				<div class="elementor-widget-container">
															<img decoding="async" width="369" height="269" src="https://deml-gmbh.com/DemlUmzug/wp-content/uploads/2025/01/Pinselstiele_Borststiele.jpg" class="attachment-large size-large wp-image-91" alt="" srcset="https://deml-gmbh.com/DemlUmzug/wp-content/uploads/2025/01/Pinselstiele_Borststiele.jpg 369w, https://deml-gmbh.com/DemlUmzug/wp-content/uploads/2025/01/Pinselstiele_Borststiele-300x219.jpg 300w" sizes="(max-width: 369px) 100vw, 369px" />															</div>
				</div>
				<div class="elementor-element elementor-element-329c6f6 elementor-widget elementor-widget-text-editor" data-id="329c6f6" data-element_type="widget" data-widget_type="text-editor.default">
				<div class="elementor-widget-container">
									<p>Der Borststiel hat eine Länge von 264 mm. Der Stiel bleibt unbehandelt oder wird natur bzw. farbig hochwertig lackiert.Besondere Verwendung findet der Borststiel bei der<br />Fertigung des Künstlerpinsels für den Bereich Öl-, Aquarell-<br />und Seidenmalerei.</p>								</div>
				</div>
				</div>
					</div>
				</div>
		<div class="elementor-element elementor-element-b036798 e-flex e-con-boxed e-con e-parent" data-id="b036798" data-element_type="container">
					<div class="e-con-inner">
		<div class="elementor-element elementor-element-3252cd7 e-grid e-con-full e-con e-child" data-id="3252cd7" data-element_type="container">
		<div class="elementor-element elementor-element-61cca05 e-grid e-con-full e-con e-child" data-id="61cca05" data-element_type="container">
				<div class="elementor-element elementor-element-3baa227 elementor-widget elementor-widget-image" data-id="3baa227" data-element_type="widget" data-widget_type="image.default">
				<div class="elementor-widget-container">
															<img decoding="async" width="367" height="269" src="https://deml-gmbh.com/DemlUmzug/wp-content/uploads/2025/01/Pinselstiele_Kosmetikstiele.jpg" class="attachment-large size-large wp-image-115" alt="" srcset="https://deml-gmbh.com/DemlUmzug/wp-content/uploads/2025/01/Pinselstiele_Kosmetikstiele.jpg 367w, https://deml-gmbh.com/DemlUmzug/wp-content/uploads/2025/01/Pinselstiele_Kosmetikstiele-300x220.jpg 300w" sizes="(max-width: 367px) 100vw, 367px" />															</div>
				</div>
				<div class="elementor-element elementor-element-5a06c44 elementor-widget elementor-widget-text-editor" data-id="5a06c44" data-element_type="widget" data-widget_type="text-editor.default">
				<div class="elementor-widget-container">
									<p>Kosmetikstiele: Wie der Name schon sagt, werden aus diesem<br />Stiel Kosmetikpinsel gefertigt. Hier sind Sonderlängen und<br />-formen, größen und Sonderlackierung erhältlich.</p>								</div>
				</div>
				</div>
				</div>
		<div class="elementor-element elementor-element-64acade e-grid e-con-full e-con e-child" data-id="64acade" data-element_type="container">
		<div class="elementor-element elementor-element-5e54818 e-grid e-con-full e-con e-child" data-id="5e54818" data-element_type="container">
				<div class="elementor-element elementor-element-7179c07 elementor-widget elementor-widget-image" data-id="7179c07" data-element_type="widget" data-widget_type="image.default">
				<div class="elementor-widget-container">
															<img loading="lazy" decoding="async" width="204" height="153" src="https://deml-gmbh.com/DemlUmzug/wp-content/uploads/2025/01/Pinselstiele_Patronierzapfen.jpg" class="attachment-large size-large wp-image-116" alt="" />															</div>
				</div>
				<div class="elementor-element elementor-element-dc8ba5a elementor-widget elementor-widget-text-editor" data-id="dc8ba5a" data-element_type="widget" data-widget_type="text-editor.default">
				<div class="elementor-widget-container">
									<p>Länge 75mm<br />Ausführung in roh oder lackiert</p>								</div>
				</div>
				</div>
		<div class="elementor-element elementor-element-ba62413 e-grid e-con-full e-con e-child" data-id="ba62413" data-element_type="container">
				<div class="elementor-element elementor-element-c4f8f2a elementor-widget elementor-widget-image" data-id="c4f8f2a" data-element_type="widget" data-widget_type="image.default">
				<div class="elementor-widget-container">
															<img loading="lazy" decoding="async" width="194" height="154" src="https://deml-gmbh.com/DemlUmzug/wp-content/uploads/2025/01/Pinselstiele_Kuchenpinselstiele.jpg" class="attachment-large size-large wp-image-117" alt="" />															</div>
				</div>
				<div class="elementor-element elementor-element-11d6d65 elementor-widget elementor-widget-text-editor" data-id="11d6d65" data-element_type="widget" data-widget_type="text-editor.default">
				<div class="elementor-widget-container">
									<p>1/2 Zoll bis 4 Zoll, verschiedene<br />Stärken roh oder lackiert</p>								</div>
				</div>
				</div>
		<div class="elementor-element elementor-element-af04d27 e-grid e-con-full e-con e-child" data-id="af04d27" data-element_type="container">
				<div class="elementor-element elementor-element-f3f570f elementor-widget elementor-widget-image" data-id="f3f570f" data-element_type="widget" data-widget_type="image.default">
				<div class="elementor-widget-container">
															<img loading="lazy" decoding="async" width="190" height="154" src="https://deml-gmbh.com/DemlUmzug/wp-content/uploads/2025/01/Pinselstiele_Doppelverwasch.jpg" class="attachment-large size-large wp-image-118" alt="" />															</div>
				</div>
				<div class="elementor-element elementor-element-3e476e8 elementor-widget elementor-widget-text-editor" data-id="3e476e8" data-element_type="widget" data-widget_type="text-editor.default">
				<div class="elementor-widget-container">
									<p>Der Stiel ist 110mm lang und kann<br />mit zwei unterschiedlichen<br />Zwingengrößen versehen werden<br />Jede Lackierung ist möglich</p>								</div>
				</div>
				</div>
				</div>
				<div class="elementor-element elementor-element-0b2b93c elementor-widget-divider--view-line elementor-widget elementor-widget-divider" data-id="0b2b93c" data-element_type="widget" data-widget_type="divider.default">
				<div class="elementor-widget-container">
							<div class="elementor-divider">
			<span class="elementor-divider-separator">
						</span>
		</div>
						</div>
				</div>
					</div>
				</div>
				</div>

<p>Der Haarstiel findet überwiegend Einsatz bei der Fertigungdes Schulmal- oder Künstlerpinsels.Vom rohen bis zumhochwertig lackierten Stiel ist alles möglich.Standardlängensind: 125, 140, 150, 153, 160 und 175mm. Der Borststiel hat eine Länge von 264 mm. Der Stiel bleibt unbehandelt oder wird natur bzw. farbig hochwertig lackiert.Besondere Verwendung findet der Borststiel bei derFertigung des Künstlerpinsels für den [&hellip;]</p>
